+ m - 1. Let y(f) = -5*n(f) - 2*x(f). Let j be (-10)/(-6) - 2/(-6). Calculate y(j).
-3
Let j be 2/(-14) + 9/((-189)/(-87)). Let c be -9 - j/4*-3. Let w(k) = -k. What is w(c)?
6
Let o(b) be the second derivative of -1/2*b**2 + 3/4*b**5 - 16*b - 1/6*b**4 + 0 + 1/3*b**3. Determine o(1).
14
Let b = 1556 - 1545. Let g(x) = x**3 - 12*x**2 + 11*x + 14. Give g(b).
14
Let m(g) be the first derivative of -7*g**2 + 3*g - 236. Determine m(1).
-11
Suppose -127*f + 126*f = 3. Let v(g) = -2*g - 4. What is v(f)?
2
Let c(s) = -s**2 + s + 3. Let k(p) = 3*p**2 - 2*p - 7. Let l(m) = -5*c(m) - 2*k(m). What is l(-1)?
-1
Let c(u) be the first derivative of u**2/2 + 2*u + 1. Suppose 4*a = -p - 15, -15*p = -a - 11*p + 9. Determine c(a).
-1
Let s(c) = c**2 - 9*c - 6. Let n be 0/(12/(-3)) - -2. Suppose -4 = -n*z + 14. Determine s(z).
-6
Let v(r) = r - 5. Suppose 2*j - 5 = -4*f + 1, -12 = -4*j - 5*f. Let x(d) = d - 7. Let i(q) = j*x(q) - 4*v(q). What is i(4)?
-5
Let h(l) = -9 - l**2 - 2108*l + 2103*l - 6. Determine h(-6).
-21
Let k = -4 + 3. Let p(s) be the third derivative of -s**8/20160 - s**7/2520 - s**6/720 - s**5/15 - 5*s**2. Let z(h) be the third derivative of p(h). Give z(k).
0
Let q(r) = r**3 + 3*r**2 - 3*r + 1. Let b(u) be the third derivative of -3/8*u**4 - 3*u**2 + 0 + 1/60*u**5 + 0*u - 2/3*u**3. Let m be b(9). Give q(m).
-3
Let y(w) = -w**3 + 5*w**2 - 2*w - 4. Let s = -5 + 34. Let m = -25 + s. Give y(m).
4
Let g be (40/(-44))/(-5) - 1043/(-11). Let d(v) = 91*v - 2 - g*v - v**2 + 3. Calculate d(-3).
4
Let j(l) = 30 + 6*l - l**2 - 28*l**3 - l - 4*l + 29*l**3. Give j(0).
30
Let g(h) = -h - 1. Let m be g(-2). Suppose 0 = 3*k - 4*n - 14, 5*k = -0*n + n + 12. Let c(q) = 5*q**k + 1 - 4*q**2 - 2*q + 5*q**3 + 0*q**3. What is c(m)?
5
Let v(z) = 16*z - 70. Let w be v(4). Let r(d) = -3*d - 8. Give r(w).
10
Suppose 4*l - 2*b - 20 = -b, -4*l + 4 = 3*b. Let f(g) be the second derivative of -1/6*g**3 - 2*g + 1/12*g**4 + 0 - 5/2*g**2. Give f(l).
7
Let q = 10 + -6. Let a(z) = 7 + z + 11*z**2 - q*z + 9*z - 2*z**3. Let l be a(6). Let x(g) = -g**3 + 6*g**2 + 7*g + 4. Give x(l).
4
Suppose 2*w = -3*w + 10. Suppose 0 = 4*o - w*o. Let k(v) = v**2 + v - 6. Calculate k(o).
-6
Let s(v) = -11*v**2 + 8 - 27*v - v**3 + 2*v**3 + 45*v - 19*v. What is s(11)?
-3
Let s(z) = -z**2 - 10*z - 2. Let f be s(-7). Let l = 15 - f. Let w(v) = -7*v**2 - 7*v + 1. Let h(d) = -4*d**2 - 4*d + 1. Let r(g) = 5*h(g) - 3*w(g). Give r(l).
14
Let r(c) = -c**2 - 3*c + 12. Let s = -33 - -28. Let u be r(s). Let n(m) = -m**3 - 2*m + 2. Determine n(u).
-10
Suppose -3*n + 2*u - 4 = 0, -2*n - 3*u - 24 = n. Let b(q) = -q**2 - 4*q - 2. What is b(n)?
-2
Let d(s) = -s**3 - 2*s**2 + s + 4. Suppose -5*h = 3*u - 5 - 5, 4*u - 4 = -2*h. Suppose 7 - h = -5*y + 5*t, -3*y - 2*t = 13. What is d(y)?
10
Let g(c) = 3*c + 4. Let i be g(0). Suppose -4*o - 5*b - 5 - 1 = 0, -3*o - i*b = 5. Let u(l) = -6*l**2 - l. Give u(o).
-7
Let j(h) = -h**3 + 5*h**2 + 8*h + 4. Let p be 9 - ((3 - 0) + -3 - -3). Determine j(p).
16
Let a be (-13)/(-221) + (-103)/17. Let l(i) = -2*i**2 - 11*i - 9. Determine l(a).
-15
Let v(w) be the first derivative of -6*w**2 + w + 15 + 5*w**2 + 8*w + 5*w. Give v(10).
-6
Suppose 2*r - s = -7, -1 = -3*s + 8. Let x = r + 5. Let g be x/(-2) - 10/(-20). Let c(y) = y**2 - y - 1. Determine c(g).
1
Let p be 133/28 + (-5)/(-20). Let k(f) be the third derivative of 1/30*f**p + 1/6*f**3 + 0 - 1/24*f**4 - 2*f**2 + 0*f. Give k(1).
2
Suppose 2*k + 8 = -2*k + 4*p, -5*k - p - 10 = 0. Let b(a) be the third derivative of 1/8*a**4 - 2*a**2 + 0 + 0*a + 1/30*a**5 + 1/2*a**3. Give b(k).
5
Let b(w) = 17*w**2 - 15*w + 1. Let v be b(1). Let m(o) = -4*o - 2. Determine m(v).
-14
Let u(t) = 286*t**2 - 285*t**2 - 10 - 11 + t**3. What is u(0)?
-21
Let q = 81 - 77. Let y(a) = 13*a**2 + 9*a - 9. Let u(r) = 7*r**2 + 5*r - 5. Let x(b) = q*y(b) - 7*u(b). What is x(2)?
13
Suppose 2*v + 2*v + 9 = -c, -13 = 3*c + 5*v. Suppose -r - 6 = 9*m - 10*m, 5*r - 3*m + 28 = 0. Let a = r + c. Let u(d) = -2*d - 7. Give u(a).
5
Let i(u) = u**3 - u**2 - u. Let v(r) = 9*r**3 - 11*r**2 - 8*r + 1. Let m(w) = 7*i(w) - v(w). Suppose -4*f = 5*s - 1 + 14, 2*f - 11 = s. Give m(f).
-16
Let z(r) = -1292*r. Let n(s) = 54*s. Let u(d) = 95*n(d) + 4*z(d). Determine u(-1).
38
Suppose -10*l = -14*l + 4. Let h(j) be the second derivative of -j**4/12 + 15*j. Determine h(l).
-1
Let m(b) = 11*b - 4. Let h(y) = 40*y - 124. Let v be h(3). Calculate m(v).
-48
Let l(z) = z**2 - 5*z - 4. Let q(o) = -3*o**2 + 11*o + 9. Let s(f) = -13*l(f) - 6*q(f). Let c(k) = -10*k**2 + 2*k + 5. Let p(y) = -3*c(y) - 7*s(y). Give p(1).
-5
Let j(v) be the third derivative of v**6/120 - 4*v**5/15 - 17*v**4/24 - v**3/2 - 19*v**2. Let g be j(17). Let x(z) = 4*z - 1. What is x(g)?
-13
Suppose -2 = -2*q, -6*q - 5 = 3*s - 2*q. Suppose 0*p - 7*p = -35. Let k(u) = 154*u**2 - 76*u**2 - 77*u**2 + u**3 - 2 - p*u. Give k(s).
-5
Let a(c) = 5*c**3 - 2*c**2 - 10*c + 12. Let q(n) = -4*n**3 + n**2 + 9*n - 11. Let o(z) = -5*a(z) - 6*q(z). Let x be -2*13/((-117)/18). Give o(x).
-10
Let w(l) = 0*l + 3 + 0 - 5*l. Let b(i) = -68*i + 139. Let v be b(2). Determine w(v).
-12
Let v(l) = -l**3 + 3*l**2 + l + 3. Let c = -33 - -87. Let q be -4 + (1 - c/(-3)). Suppose -r = 3*u - q, -16 + 2 = -2*r - 2*u. Give v(r).
6
Let y(f) be the second derivative of -f**5/20 + 3*f**4/4 - f**3/6 + 13*f**2/2 - 3*f - 81. Determine y(9).
4
Let t(o) = o**2 - 6*o - 9. Let g be (2 - (-5)/(-3)) + (-143)/(-39). Suppose 40 = g*v - 4*w, -4*v + 3*w + 0*w + 37 = 0. Calculate t(v).
-2
Let r(j) be the third derivative of 12*j**2 + 1/12*j**5 + 0*j + 0 + 1/3*j**3 + 1/120*j**6 - 5/24*j**4. Determine r(-6).
-4
Let m(a) = -a**2 + 21*a + 42. Let l be m(23). Let k(z) = 12*z + 6. Give k(l).
-42
Let z(o) = -o**2 + 7*o + 9. Let k be (-14)/((-8)/24 - 10/6). Determine z(k).
9
Suppose 34*u - 21*u = 91. Let p(r) be the second derivative of -r**5/120 + 11*r**4/24 + r**3/6 - r. Let n(g) be the second derivative of p(g). Give n(u).
4
Let k be 9/5*(-9 - -14). Let q(l) = -8*l - 3*l + 9 + l**2 + 2 - 1. Determine q(k).
-8
Let j(z) = 2*z**2 + 4*z - 1. Let v be 7 - (-3 + 1 - -5). Let y be v/8 + (-29)/2. Let k = -17 - y. Give j(k).
5
Let h = -442 - -887/2. Let u(g) be the first derivative of 7*g - 6 - h*g**2 - 1/3*g**3. Give u(-5).
-3
Let k(q) = -3*q + 5. Let p(m) = -2*m**2 - 11*m - 5. Let r be p(-5). Determine k(r).
5
Let s(l) be the third derivative of l**6/720 - 5*l**4/8 - 14*l**2. Let w(c) be the second derivative of s(c). Suppose 0 = 4*z - 3*z + 4. Give w(z).
-4
Suppose s + 3*s = 36. Let m be 3/s - (-2)/(-6). Let i(u) = -15*u**2 - 11*u + 22. Let q(w) = 7*w**2 + 5*w - 11. Let a(d) = 6*i(d) + 13*q(d). What is a(m)?
-11
Suppose 12*i = 7*i + 400. Let t(k) = 1 - 76*k**2 + i*k**2 + 2 - 3*k. Suppose -3*n + 5*n = 4. Give t(n).
13
Let m(q) be the second derivative of q**3/6 - q**2 - 2*q. Suppose 3*s - 11*c = -6*c, -c = -3. What is m(s)?
3
Let q = 2 + -5. Let p(t) be the first derivative of -t**2/2 - 4*t + 23. Give p(q).
-1
Let l(x) = 2*x + 99*x**2 - 1 + 67*x**2 - 148*x**2. What is l(-2)?
67
Let f = -6 - -8. Suppose z - 29 = -3*k, -3*k + 52 = f*k - 2*z. Let m(s) = s + k*s**2 + 2*s + 2 - s**2 - 8*s**2. Determine m(-2).
0
Let d(m) = -2*m + 26. Suppose 5*u - 76 = -2*b - 2*b, 3*u - 3*b = 51. What is d(u)?
-6
Let x(y) be the third derivative of -1/120*y**6 + 1/2*y**3 + 1/24*y**4 + 1/60*y**5 + 0*y + 0 + 30*y**2. Calculate x(3).
-12
Let x(p) = 2*p**2 + 7*p - 1. Let v be x(-4). Suppose w + s - 16 = -v*s, s + 5 = 2*w. Let h(r) = r**3 - 4*r**2 + 2*r + 2. Give h(w).
10
Let a = 1607 + -1615. Let x(q) = -q**2 - 9*q - 3. Calculate x(a).
5
Let j = -166 - -171. Let g(a) = a**3 - 4*a**2 - 1. Give g(j).
24
Let j(u) = -u**2 + 5*u + 7. Suppose 5*i - 227 = -4*a, 3*i + 2*i + a = 233. Suppose 0 = 5*r - i + 22. Give j(r).
7
Let g(l) be the first derivative of -l**4/4 + 4*l**3/3 + 2*l**2 + 3*l + 2. Suppose t + 32 = -5*v - 216, 98 = -2*v - t. Let k = v - -55. Calculate g(k).
-2
Let y(z) = 2*z - 4. Let m(a) = 4*a - 9. Let i(f) = 3*m(f) - 7*y(f). Determine i(3).
-5
Let a(h) = 19*h**2 + 2*h + 1. Let o(y) = -4*y**2 + 35*y + 2. Let n be o(9). Let x be 8/28 + 1/n*9. What is a(x)?
18
Let f(s) = 2*s + 13. Let v be (-6)/(-16) + 595/(-136). Calculate f(v).
5
Let l(j) be the first derivative of -j**4/4 + 3*j**3 + j**2 - 9*j - 41. Calcul